or of 56426997?
False
Is 14 a factor of 4906014672?
False
Is 44680002 a multiple of 6?
True
Does 40 divide 259594340?
False
Is 225 a factor of 1083808800?
True
Does 2 divide 534070?
True
Is 1247 a factor of 176421819?
True
Is 106 a factor of 2219428?
True
Is 478 a factor of 992123416?
True
Does 717 divide 16352619?
True
Does 7184 divide 2316473944?
False
Is 2810340 a multiple of 390?
True
Is 167563203 a multiple of 3704?
False
Is 519 a factor of 37180122?
True
Does 9 divide 14778339?
False
Is 112178451 a multiple of 4389?
True
Does 149 divide 7306723?
False
Is 492 a factor of 135757001?
False
Does 2177 divide 5731601?
False
Does 8 divide 2057131528?
True
Is 123233885 a multiple of 2441?
True
Does 163 divide 579776493?
True
Does 3333 divide 793607298?
True
Does 36 divide 670191503?
False
Is 330846517 a multiple of 1136?
False
Is 49165743 a multiple of 13?
False
Does 30 divide 22311681?
False
Is 18620150 a multiple of 155?
True
Does 18 divide 9002041?
False
Is 638787192 a multiple of 452?
True
Is 32864940 a multiple of 15?
True
Does 33 divide 75304119?
True
Is 6160 a factor of 2134754160?
True
Is 2774 a factor of 99547764?
True
Does 44 divide 1142216935?
False
Is 85838000 a multiple of 22?
False
Does 27 divide 382532004?
True
Does 95 divide 1200190539?
False
Does 9 divide 5811822?
True
Is 250 a factor of 3208580250?
True
Is 54821525 a multiple of 55?
True
Is 439612892 a multiple of 1080?
False
Does 2011 divide 1245238?
False
Is 205346553 a multiple of 23?
True
Is 994677640 a multiple of 40?
True
Is 8379 a factor of 592019538?
False
Does 691 divide 815519196?
False
Is 22 a factor of 32371544?
False
Does 2875 divide 900743685?
False
Does 7 divide 29544938?
False
Is 614460 a multiple of 285?
True
Is 14190600 a multiple of 12?
True
Is 2285 a factor of 2004631128?
False
Is 39298429 a multiple of 20?
False
Does 14 divide 201681733?
False
Is 69 a factor of 932880483?
True
Is 41 a factor of 954311725?
False
Is 405 a factor of 12493348?
False
Is 1623930623 a multiple of 187?
False
Does 1504 divide 4016747840?
True
Is 9786516 a multiple of 8?
False
Is 1745866342 a multiple of 1593?
False
Does 92 divide 731223912?
True
Does 44 divide 459555993?
False
Is 4007195290 a multiple of 10931?
True
Is 363040720 a multiple of 280?
True
Is 963591408 a multiple of 468?
True
Is 10935402 a multiple of 533?
False
Is 110 a factor of 876175878?
False
Is 14 a factor of 458158145?
False
Does 2262 divide 82517760?
True
Does 243 divide 7417089?
True
Is 30 a factor of 2695440?
True
Is 242 a factor of 11499598?
True
Is 9583654 a multiple of 10?
False
Does 9470 divide 4694922960?
True
Is 2695621459 a multiple of 44?
False
Is 91 a factor of 1543676771?
True
Is 60 a factor of 194064960?
True
Is 67768081 a multiple of 109?
False
Is 9 a factor of 364376115?
True
Is 3170 a factor of 3246743?
False
Is 828131321 a multiple of 813?
False
Is 487344015 a multiple of 15?
True
Is 292418402 a multiple of 24?
False
Is 77159539 a multiple of 9?
False
Is 20688069 a multiple of 12?
False
Does 13 divide 9145730?
False
Is 900453233 even?
False
Is 2676376780 a multiple of 101?
True
Is 796 a factor of 114177636?
False
Is 55 a factor of 41365555?
True
Is 2721781775 a multiple of 8640?
False
Is 167 a factor of 2174841?
True
Is 14130198 a multiple of 339?
True
Is 1197 a factor of 91988253?
True
Is 665 a factor of 15239140?
True
Is 37717016 a multiple of 17?
True
Is 4115 a factor of 4556860470?
True
Is 928 a factor of 789117376?
True
Does 1690 divide 184051140?
True
Does 13 divide 490268766?
True
Is 11404926 a multiple of 183?
True
Does 10 divide 4046614?
False
Does 83 divide 169398701?
False
Is 234 a factor of 34634627?
False
Is 726 a factor of 28427256?
True
Is 47 a factor of 7332282?
True
Does 577 divide 11915050?
True
Is 999 a factor of 1279417?
False
Is 144834150 a multiple of 50?
True
Does 323 divide 175296548?
False
Is 35611296 a multiple of 1576?
True
Is 498612630 a multiple of 190?
True
Does 2793 divide 57859383?
False
Does 592 divide 19904816?
True
Is 17 a factor of 2391064456?
False
Is 1032 a factor of 228103992?
True
Is 204 a factor of 25796412?
True
Does 2068 divide 24511173?
False
Is 10850892 a multiple of 78?
True
Is 24063664 a multiple of 8?
True
Is 714580992 a multiple of 136?
True
Does 849 divide 1154529261?
False
Is 52 a factor of 622890242?
False
Is 492 a factor of 937720388?
False
Is 76538220 a multiple of 2937?
True
Does 1898 divide 26461916?
True
Does 77 divide 49991326?
True
Is 5094937683 a multiple of 1089?
True
Does 250 divide 14668081?
False
Is 389 a factor of 181741967?
True
Is 179 a factor of 29778898?
False
Does 32 divide 14504640?
True
Is 107695073 a multiple of 647?
False
Is 11 a factor of 13947549?
True
Does 4 divide 698512?
True
Is 8391 a factor of 2697036779?
False
Does 8 divide 8548340?
False
Is 1563342867 a multiple of 80?
False
Is 33395280 a multiple of 694?
True
Is 109485186 a multiple of 130?
False
Does 12 divide 3735465?
False
Does 4 divide 828488276?
True
Does 782 divide 91056862?
True
Does 1900 divide 142915206?
False
Is 4008 a factor of 913063904?
False
Is 116 a factor of 122289765?
False
Is 179 a factor of 94005430?
True
Is 9 a factor of 3628682?
False
Does 1527 divide 142858122?
False
Does 184 divide 40758152?
False
Is 98 a factor of 422846186?
True
Is 11652 a factor of 3063484532?
False
Is 288603631 a multiple of 19?
False
Is 3 a factor of 19821227?
False
Does 1692 divide 1840490353?
False
Is 28 a factor of 42190624?
True
Is 1799479853 a multiple of 903?
False
Does 185 divide 30450459?
False
Is 24 a factor of 6264170?
False
Is 2807651 a multiple of 99?
False
Is 521 a factor of 613362880?
True
Is 2246 a factor of 228020974?
False
Is 351243087 a multiple of 75?
False
Is 160 a factor of 52113280?
True
Is 4 a factor of 7051012?
True
Is 1577511867 a multiple of 213?
True
Is 39 a factor of 932028591?
True
Is 152 a factor of 122714312?
True
Does 1349 divide 106186624?
False
Does 17 divide 66827663?
True
Does 5146 divide 77961900?
True
Is 207 a factor of 472321790?
False
Does 1449 divide 396128281?
False
Does 273 divide 92079624?
True
Does 639 divide 2956014?
True
Does 70 divide 3886334?
False
Is 29559344 a multiple of 27?
False
Does 17 divide 106354577?
False
Is 37004683 a multiple of 3182?
False
Is 3609893742 a multiple of 39?
True
Does 10 divide 230378053?
False
Is 6069956 a multiple of 83?
True
Is 22 a factor of 60955620?
True
Is 219252523 a multiple of 542?
False
Is 480457904 a multiple of 16?
True
Does 1210 divide 1369173080?
True
Is 2150 a factor of 372671673?
False
Is 597832263 a multiple of 339?
True
Is 92 a factor of 1042820?
True
Does 845 divide 1606868055?
True
Is 802 a factor of 464516254?
False
Does 10 divide 94961100?
True
Is 2824 a factor of 29968325?
False
Is 38 a factor of 12286122?
True
Is 2418 a factor of 41998242?
True
Is 122992377 a multiple of 19?
True
Is 126982661 a multiple of 2105?
False
Is 282 a factor of 3408836868?
True
Is 136 a factor of 166087453?
False
Is 9370084 a multiple of 369?
False
Is 49597132 a multiple of 13?
True
Is 4594722 a multiple of 11?
True
Is 63469027 a multiple of 28?
False
Does 419 divide 29955677?
False
Does 686 divide 97113590?
True
Does 20 divide 306068580?
True
Does 488 divide 95676304?
True
Does 12 divide 3216220705?
False
Does 107 divide 201851022?
False
Is 370 a factor of 5399503610?
True
Is 4471993042 a multiple of 962?
False
Is 445039906 a multiple of 1054?
True
Does 17 divide 33546187?
False
Does 875 divide 20060250?
True
Is 618193752 a multiple of 264?
True
Does 1342 divide 193201030?
True
Does 676 divide 568368528?
False
Is 256 a factor of 7544949?
False
Does 64 divide 288948992?
True
Is 3857 a factor of 62460258?
True
Is 66 a factor of 237754933?
False
Is 91 a factor of 1518993639?
False
Is 10970896 a multiple of 481?
False
Is 169701024 a multiple of 61?
True
Is 707 a factor of 4208064?
True
Is 93004520 a multiple of 7?
True
Is 60514024 a multiple of 36?
False
Is 10 a factor of 100868930?
True
Is 23998649 a multiple of 313?
True
Is 93 a factor of 849861900?
True
Does 78 divide 125039460?
True
Is 86069300 a multiple of 1285?
True
Does 52 divide 149620640?
True
Does 395 divide 869528115?
True
Is 2109558912 a multiple of 1329?
True
Is 1625958229 a multiple of 7?
True
Does 253 divide 6098986?
False
Is 2